base 9
-104781
Convert 212100121012 (base 3) to base 7.
3623153
What is -5c3a8a (base 14) in base 11?
-1869525
-1866466 (base 10) to base 5
-434211331
Convert 2202211112202 (base 3) to base 14.
2a4b2a
What is 111011000200 (base 3) in base 10?
258813
What is -23140 (base 6) in base 12?
-1ab0
-29243 (base 11) to base 7
-232065
What is -40214521 (base 7) in base 4?
-30231123223
What is 290561 (base 12) in base 4?
2213100121
Convert 10101022120 (base 3) to base 4.
100100022
-5ae43 (base 15) to base 12
-11ba60
Convert -11134141 (base 6) to base 2.
-1010010110011101101
What is 1010111101000111011110 (base 2) in base 16?
2bd1de
What is -2352243 (base 6) in base 9?
-207550
1103455 (base 7) to base 6
2524201
What is 2157552 (base 11) in base 7?
44122600
65244 (base 8) to base 10
27300
Convert -133057 (base 8) to base 3.
-2100222101
What is 2251937 (base 10) in base 2?
1000100101110010100001
What is 4200232 (base 6) in base 5?
22433033
What is -1000101111110011110011 (base 2) in base 9?
-4274334
What is 142658 (base 9) in base 12?
42622
Convert 1222000122220 (base 3) to base 16.
fece2
15438386 (base 9) to base 6
433030210
What is -17ab2a (base 14) in base 6?
-25532030
24961 (base 15) to base 10
116866
30f49 (base 16) to base 7
1463416
Convert -75724 (base 10) to base 8.
-223714
What is -11000001111100110100 (base 2) in base 7?
-6516044
Convert -103332332112 (base 4) to base 8.
-23767626
-54315002 (base 6) to base 4
-12021203222
110100110101100110 (base 2) to base 3
101222212122
Convert 11db920 (base 15) to base 3.
220011201012010
-4a878b2 (base 12) to base 15
-143951b
Convert 14e7e (base 16) to base 15.
1a58a
What is -102022213120 (base 4) in base 15?
-640eb7
1251054 (base 8) to base 13
c2954
1eea8 (base 16) to base 13
4583c
What is 305048 (base 11) in base 12?
1b7598
-952a75 (base 11) to base 2
-101110100101101011010
4db6c (base 15) to base 13
89412
Convert -10031030 (base 4) to base 7.
-101141
What is 216b28 (base 12) in base 15?
a723e
What is 2001212211202 (base 3) in base 13?
2c6873
a9070 (base 12) to base 3
102022220010
Convert -1020020121 (base 4) to base 10.
-295449
Convert 1243287 (base 9) to base 16.
a5943
11420004 (base 6) to base 4
1113331210
Convert 54430202 (base 6) to base 7.
16532012
What is 11085b9 (base 12) in base 2?
1100011001010101011101
What is 234203302 (base 5) in base 7?
12135522
-1041103121 (base 5) to base 10
-2284786
Convert 81346 (base 9) to base 15.
10cbc
Convert 9520741 (base 11) to base 15.
1716a6d
5121044 (base 9) to base 12
ab7b41
-5430433 (base 6) to base 7
-2165421
Convert -121850 (base 14) to base 7.
-5155530
-306221626 (base 7) to base 6
-1442351334
What is b9428 (base 15) in base 4?
2033212130
What is 103114014 (base 6) in base 2?
110111110101010011010
8203852 (base 10) to base 14
1137a56
Convert 301223 (base 6) to base 10.
23631
Convert 14471116 (base 8) to base 16.
32724e
What is -444668 (base 13) in base 2?
-110001000111001011000
What is -4b1cb4 (base 14) in base 5?
-1130013001
Convert -9d4c4 (base 14) to base 3.
-201102111221
Convert 3273039 (base 11) to base 14.
a97083
Convert d48b (base 15) to base 2.
1010111101101010
452412 (base 10) to base 9
758530
-33b86 (base 12) to base 2
-10000110111010110
-3245 (base 8) to base 15
-786
371a3 (base 13) to base 11
6a17a
What is 2052bb (base 12) in base 6?
14505555
Convert 3454204 (base 7) to base 3.
211000212021
Convert 44930b (base 15) to base 13.
8a6b51
122100111210 (base 3) to base 16
53628
52fcd (base 16) to base 8
1227715
Convert -c353 (base 16) to base 9.
-75528
-10012010021021 (base 3) to base 10
-1695121
Convert 3c0032 (base 15) to base 3.
12102121101202
Convert 2a6b824 (base 13) to base 4.
303233121013
-4514230 (base 6) to base 10
-227754
53787 (base 9) to base 14
cdb8
-18bb9 (base 12) to base 4
-20312331
What is 134226250 (base 7) in base 16?
857689
310066 (base 12) to base 16
bb54e
What is -720106 (base 9) in base 2?
-1101000001000111000
What is -1d7e2 (base 16) in base 15?
-25bd7
What is -3772411 (base 11) in base 12?
-2239205
Convert 320946 (base 12) to base 4.
3000231012
What is -2210112313 (base 4) in base 5?
-133020312
What is -12350375 (base 8) in base 13?
-74c4ac
What is -648b17 (base 12) in base 14?
-2d5d2b
-17548 (base 15) to base 2
-10010011010110011
What is 20112122110222 (base 3) in base 8?
15206727
-10010110101000000000 (base 2) to base 6
-21120144
Convert 1735307 (base 8) to base 14.
d2875
What is 6b438 (base 12) in base 4?
203022230
What is 432228 (base 11) in base 3?
1022002221212
-121649 (base 10) to base 14
-32493
Convert -100013122 (base 4) to base 14.
-1a0b0
Convert -d3 (base 16) to base 8.
-323
4a04520 (base 11) to base 12
2ab8355
What is 26604 (base 7) in base 11?
5418
Convert 20030332320 (base 4) to base 15.
2c7203
What is -2151100 (base 6) in base 5?
-11422240
What is -3010100231 (base 4) in base 12?
-329265
346605 (base 12) to base 10
840677
What is 20022112001 (base 3) in base 2?
11110010110010101
What is -15415511 (base 6) in base 10?
-546883
11564870 (base 9) to base 11
3210a11
-55363046 (base 7) to base 14
-8c3026
-76141 (base 9) to base 12
-25217
What is -dc7561 (base 16) in base 3?
-1000012000212222
What is 130306 (base 12) in base 9?
524236
What is b6cf6 (base 16) in base 7?
6236030
Convert 2b449 (base 12) to base 13.
21a80
511600 (base 7) to base 5
10241243
What is -26a3b6 (base 12) in base 6?
-21414350
What is -353507 (base 15) in base 13?
-6b0356
What is 185b63 (base 12) in base 11?
270361
-1411721 (base 10) to base 15
-1cd44b
Convert -1050107 (base 8) to base 6.
-10020435
What is -1c067 (base 14) in base 12?
-3540b
What is -150902 (base 11) in base 7?
-2000100
-1582b7 (base 12) to base 10
-366763
2213323331 (base 4) to base 3
1021221120122
Convert 5043551 (base 6) to base 16.
3a6db
Convert -16226 (base 16) to base 9.
-147325
What is 1214133 (base 5) in base 15?
6c63
2400122140 (base 5) to base 14
a26988
11b36 (base 13) to base 5
2021122
Convert -922 (base 16) to base 7.
-6550
Convert 295157 (base 16) to base 9.
5076355
What is -1313303 (base 5) in base 14?
-970a
What is 11111001111110010 (base 2) in base 7?
1042065
-1100001011111011100 (base 2) to base 15
-7d4b9
Convert -100372 (base 9) to base 4.
-32133131
Convert -2672135 (base 11) to base 12.
-1666694
What is 322211032 (base 4) in base 11?
154307
61085 (base 13) to base 2
101010011001101000
-266123 (base 7) to base 8
-141740
2486020 (base 9) to base 5
321342313
What is 140461445 (base 7) in base 11?
51839a3
What is -118190 (base 11) in base 4?
-231203000
What is -36516 (base 12) in base 2?
-10001111001100010
-6776603 (base 8) to base 16
-1bfd83
23575 (base 15) to base 9
181422
What is -1121111302 (base 4) in base 6?
-11502054
-121011020220122 (base 3) to base 10
-8586827
What is 3600913 (base 10) in base 2?
1101101111001000010001
What is -ea06 (base 15) in base 10?
-49506
Convert -1311211100 (base 4) to base 14.
-c7732
Convert -15507 (base 14) to base 12.
-268ab
-13311432 (base 5) to base 16
-2104a
Convert -431556 (base 8) to base 2.
-100011001101101110
-1b137c (base 13) to base 4
-2220002033
What is -33657 (base 13) in base 8?
-266260
258414 (base 14) to base 9
2376178
Convert -14acdb4 (base 14) to base 7.
-151565614
Convert 30210021231 (base 4) to base 14.
61a51b
What is 513022 (base 7) in base 12?
42761
-30a29 (base 12) to base 7
-353442
24dd77 (base 16) to base 11
1400196
Convert 11110111101100001011 (base 2) to base 5.
224431124
-154769 (base 11) to base 9
-405814
-1001000111010100000010 (base 2) to base 13
-658676
-a2b42 (base 15) to base 4
-1331313101
What is 22210210122121 (base 3) in base 8?
21665717
Convert 6447316 (base 9) to base 13.
940347
-1301010 (base 6) to base 5
-4221311
Convert 154347 (base 9) to base 11.
65465
Convert -34152022 (base 8) to base 7.
-116564535
20032012 (base 4) to base 5
2034140
-10213002 (base 5) to base 12
-414a9
What is -88a43c (base 13) in base 10?
-3221529
What is 12807078 (base 9) in base 4?
120013303121
110101100101010 (base 2) to base 10
27434
Convert -21220101110111 (base 3) to base 11.
-2409669
What is -15210257 (base 8) in base 10?
-3477679
What is 26a64 (base 11) in base 2?
1001011010010100
Convert 202211242 (base 5) to base 14.
17496c
Convert ee6fb (base 16) to base 12.
3b1223
What is -3134431 (base 8) in base 6?
-25512